e 3 - ((-2 - 4) + 16 - -3).
-10
Calculate (11 - 4 - 29) + 15.
-7
Evaluate -7 - ((-9 - -13 - 8) + 8).
-11
-15 + -9 + (5 - (0 + 3))
-22
Evaluate (-21 - (-5 + 11 - 8)) + 6 - -5.
-8
12 + -36 + -3 + 30
3
Evaluate (-72 - -62) + (6 - 4).
-8
(-2 - -6) + -8 + 7 - (-16 - -3)
16
What is 18 + (-15 + 14 - 10)?
7
What is the value of 11 + 1 - ((0 - -1 - -8) + -7)?
10
Calculate 6 + (-9 - (-6 - -5 - 6)) + -16.
-12
Evaluate 14 - (-8 + -6 + 13).
15
Evaluate 30 - 26 - (1 + 3) - (1 + -2).
1
Evaluate 17 + -1 + 17 + -31 + -26.
-24
9 + -16 + 7 + (4 + 1 - 0)
5
What is (-1 - 1) + (20 - (8 + 9))?
1
23 - 0 - (-11 + 53)
-19
-4 - ((-15 + 9 - 2) + 16)
-12
Evaluate (-27 - (13 - 25)) + 29.
14
What is (78 - 81) + (2 + 0 - 9)?
-10
Calculate (20 - (1 + 0)) + 485 + -494 - -9.
19
What is the value of -6 + 19 - 8 - (24 + -1)?
-18
What is the value of 22 - 11 - -4 - 21?
-6
Evaluate 15 - (-3 + 36) - 0.
-18
What is the value of (-96 - -83) + -7 + 2 + 10?
-8
Evaluate (-20 - (9 + 4)) + 7 - -8.
-18
-11 - ((25 - -3) + -19)
-20
(-1 + -5 - (-12 + 6)) + -3
-3
What is 6 - ((-3 - -14) + (1 - (-1 - 0)))?
-7
What is (4 - 2) + -21 - (4 + (-20 - -10))?
-13
Evaluate -15 + 38 - 18 - 25.
-20
Evaluate 1 + -15 + (-35 - -75) + -39.
-13
What is 2 + 4 - (35 - 37)?
8
What is (14 + (-13 - -10) - 27) + 10?
-6
2 + (21 + -10 - 5) + -10
-2
Evaluate -535 + 518 + (17 - -1).
1
Evaluate 6 - (2 - -23 - 2) - -1.
-16
Evaluate 9 + (-14 - -2 - 0).
-3
Calculate 8 - (9 - (11 + -10)) - 16.
-16
Evaluate -3 + -1 - (-3 - (15 + -24)).
-10
-23 - ((14 - 37) + -13)
13
What is the value of -7 + (-4 + -1 - -15) - -4?
7
Evaluate -20 + (-9 + -19 - -28).
-20
Calculate (-5 - -6) + -3 + -1 + -1 + 7.
3
Evaluate -13 - (0 - -1) - (-546 - -544) - 21.
-33
What is 6 - (-3 + -3 + -4 + 13 - 9)?
12
What is the value of (-40 - -11 - -13) + 13 - 3?
-6
Evaluate 30 + (-6 + -24 - -14).
14
-31 - ((-3 - -9) + -14)
-23
0 - -19 - (35 + 26 - 54)
12
Evaluate -3 + 2 + (-268 - -270) + (0 - 35).
-34
What is -10 - 2 - (-2 - (0 - -4)) - 12?
-18
Evaluate -319 + 305 - (4 + -5 - (-1 - -8)).
-6
Calculate (-1 + 2 - (27 - 18)) + -1 + 2.
-7
What is (-5 - -19) + -6 + 1 + (-3 - 5)?
1
Calculate -3 - (-10 - (7 - 30)).
-16
Evaluate 31 + -24 + (19 - -11).
37
-7 + (4 - 12 - 1 - -6)
-10
What is the value of -9 - (26 + -48 + (2 - 6) + -3)?
20
(6 - (19 + -8)) + 6 + -10
-9
Calculate (3 - -7) + -8 + (-2 + -3 - -1).
-2
-13 + (19 - (-22 - -12))
16
-9 + 0 + 1 + 4 + (-2 - 14)
-20
What is (-5 - 62) + 34 + (-2 - -13)?
-22
What is 1 - ((-8 - (2 + -13)) + -9 + 1)?
6
What is the value of -28 + 28 + -27 + 39?
12
Evaluate (-155 - -159) + -1 + 10 + 0.
13
Evaluate 1 + (0 - (3 + -15 + 11)).
2
What is the value of (21 - (7 + 11)) + 2 + -15?
-10
(-7 - -12 - (-4 + 0)) + -7 + 0
2
Calculate (-519 - -503) + -3 + (52 - -1).
34
Evaluate -687 + 685 + 26 + 1.
25
Evaluate 60 - 61 - (2 + -2 - -3).
-4
Evaluate -8 + 5 + -3 + 2 + -4 + 7.
-1
What is the value of (11 + 1 - 8 - (5 - -1)) + 4?
2
Evaluate 22 - (14 - (-18 + 14)).
4
What is 3 - 6 - (-7 + 1 - -7 - -4)?
-8
Calculate (-8 + -3 + 7 - -7) + (4 - -9).
16
What is the value of 19 + -35 + 8 + -14?
-22
Calculate 16 + -1 - (-13 + 1 + 10 - -3).
14
Calculate 3 + 0 + 4 + (-10 - -6).
3
Evaluate 107 + -124 + 2 + 7.
-8
Calculate (-1 - -7) + (11 - 6).
11
-27 + 0 + -8 + 61
26
Evaluate 7 - ((-1 - -8) + 0 + -6).
6
(-6 - -57 - 34) + 1 + -16
2
What is the value of -7 + 7 + -14 + (11 - 2)?
-5
What is the value of -27 - (3 + 16 - (-17 - -42))?
-21
Evaluate 23 - (1 - -13) - 12.
-3
3 + -1 + -3 + 6 + -5
0
Calculate -5 - -2 - (9 + (-7 - 2 - 19)).
16
Evaluate 16 + -9 + -2 + -10.
-5
What is the value of 4 + (-18 - (29 - 62))?
19
What is the value of -11 - 0 - (-7 - -5) - (-116 + 103)?
4
What is (36 - (23 + 7)) + -8?
-2
Evaluate 4 - ((-6 - -6) + 14).
-10
What is -21 + 43 - (-6 + (-2 - -8))?
22
Calculate (-4 - 2) + (167 - 169).
-8
What is (-11 - (34 + (-24 - -1 - -12))) + 12?
-22
-7 + (46 + -45 - (2 - 20))
12
Evaluate -202 + 193 + (2 - 0 - -8).
1
Evaluate 12 + -5 + 9 + -9 - (17 - 0).
-10
-6 + -2 + -1 - (370 + -379)
0
6 - (-8 + 7) - 35 - -13
-15
What is (18 - (44 - 11)) + 3 + 31?
19
3 - ((0 - -6) + (-9 - -6))
0
-4 - 6 - -8 - (-2 - -2 - 4)
2
What is -2 + 10 + (-43 - -16) + 4?
-15
Evaluate (-47 - -6) + 14 - -17.
-10
Calculate (1 + -2 - (-1 - 14 - -10)) + 3.
7
Evaluate -6 - ((-5 - (-23 - -12)) + 13).
-25
(-16 - (5 + -23)) + -6
-4
Evaluate (-7 - -19 - -9) + -9.
12
Evaluate (10 - (6 - (-7 + 5))) + -13 + 7.
-4
(-7 - -11) + -6 + 5 + (-1 - 15)
-13
What is the value of 1 + (-5 + 0 - (-2 - -1) - -31)?
28
What is (-5 - -2) + -1 + 56 + -43?
9
Evaluate 0 + -3 + 16 + -10.
3
What is 5 + (-18 - (-1 - (-4 - -7) - 3))?
-6
Calculate -11 + (16 + 6 - 11).
0
Calculate 1 + (5 - 1) - (2 + -7) - 6.
4
What is -3 + 6 + -3 + -6 + 14?
8
What is (-12 + 15 - -14) + -30 - (4 - -1)?
-18
What is 14 - (10 + -2 - (8 - 5))?
9
-44 + 53 + 2 + 0 - 0
11
What is the value of 36 - -6 - (-82 + 105)?
19
4 - (1 + -2 + 48 + -47)
4
Calculate -26 + 19 + -7 - 18.
-32
Calculate 103 + -117 - (-15 - -2).
-1
Calculate -9 - (-20 + (5 - -6) + 1).
-1
Calculate -20 - (27 - 21) - -29.
3
What is -20 + (-8 - (1 + -7)) - -11?
-11
What is the value of -36 + 31 - (0 - -1) - (1 + 3)?
-10
What is 0 + 13 - -25 - (-4 + 7 + 1)?
34
What is the value of (6 - (-7 - (-1 + 0))) + 4?
16
What is (-1 - -9) + -1 + (38 - 121) + 90?
14
(-17 - -5) + (18 - 3) + -3
0
Evaluate -21 + (10 - -7) - -8.
4
-22 + (83 - 36) + -48
-23
Calculate -3 + -2 + -4 + -6 + 12 + -3.
-6
Evaluate -17 - (-1 + -4 + -33 + 14).
7
What is 15 + 1 - (-2 + 0 + 11 + -4)?
11
(13 - 21) + -12 + (12 - -11)
3
Evaluate 0 + 1 + 1 - (-106 - -72 - -40).
-4
Evaluate (-4 - -10) + (9 + -4 - -2) + 6.
19
(-2 - 3) + -53 + 60 - -2
4
What is the value of 12 - (1 + 3) - 27 - -7?
-12
Evaluate (1 - (0 - 3)) + -88 + (-68 - -149).
-3
Evaluate 4 - ((11 - 14) + 9 - 14).
12
13 - (0 + 16 + (38 - 24))
-17
Calculate 17 + (-15 - (3 - 12)).
11
What is 2 + 11 + -11 - -7 - 9?
0
What is the value of -26 + 26 + (-2 - -5) + -3?
0
-17 + (25 - (3 - 2))
7
Calculate (0 - 1) + -1 + -24 + 37 + 3.
14
What is (6 - (0 - 3 - -3)) + 5 + -25?
-14
Calculate 2 + (11 + (-39 - 0) - -8).
-18
What is the value of -21 - -8 - (3 - 19 - -8)?
-5
What is -15 + (16 - 12) + -3?
-14
What is -37 - -30 - (4 + (-4 - 7))?
0
Calculate (-10 - -15) + -55 - -25.
-25
What is the value of -31 - -37 - ((-6 - -3) + -2)?
11
Calculate -5 + 15 - (-4 - -12 - 4).
6
14 - (-13 + (0 - -9) + 10)
8
1 + (-11 - -19) + -11 - (0 + -13)
11
What is the value of 30 + (-11 - (-10 - 4)) + -14?
19
Evaluate 2 - (-2 + 4) - (13 + -2 + -12).
1
What is the value of -28 + 24 + (2 - (14 - 3)) - 1?
-14
Evaluate (14 - 5) + -54 + 41.
-4
What is 30 + (-13 - 10) - -20?
27
Calculate 43 + -25 - (3 - -1 - 1).
15
-2 - (4 + (11 - 6))
-11
Calculate (25 - 32) + 1 + (-4 - -1).
-9
What is the value of (0 - -15) + (-282 - -264)?
-3
-8 + -12 + (6 - -9)
-5
What is the value of (1 - 2) + 10 + (9 - 9) + -7?
2
Evaluate (-31 - (-1 + 1 - (-58 - -60))) + 5.
-24
What is 24 + (-25 + -1 - -20)?
18
2 + -12 - (2 + -8 - (-6 + -6))
-16
What is 32 - (-20 + (-14 - -25) - (-2 + -16))?
23
Calculate (0 + -14 - -34) + -11.
9
(3 - 0) + (-2 - 0 - 9)
-8
What is the value of (-9 - -3) + 4 + -6 + 4?
-4
(9 - 1) + (-7 - -29 - 30)
0
Calculate -363 + 366 - (12 + -3 - 1).
-5
3 - ((-5 - 3) + 20) - 5
-14
What is -26 + (-5 + 32 - 8)?
-7
7 + (1 - 4) + (-6 - 3) - -26
21
Evaluate -3 - 4 - (46 - 29).
-24
Evaluate 6 + 3 + (-5 - (-14 + 2 - 0)).
16
Evaluate 32 - (-2 - (16 - (38 - 16))).
28
-11 + 2 + (-6 - -9 - (3 - 7))
-2
What is the value of -5 + -7 + (18 - -13)?
19
What is 6 + (0 - 4) - (73 - 78)?
7
Calculate -58 + (52 - 4) + (-1 - 3 - 1).
-15
Calculate -2 - -7 - (20 - (2 + (-2 - -6))).
-9
What is -5 + 9 + (-1 - (7 + (0 - 14)))?
10
(1 - (-4 - 1)) + (-21 - -16) + 10
11
Calculate (-83 - -104) + -1 + -1.
19
24 + -23 - 1 - (4 + (3 - 2))
-5
Evaluate -4 + 13 + (-5 - (9 + 2 + -6)).
-1
Calculate -3 - (-4 + (-10 - -17)).
-6
-2 + (3 - 3) + 5 + -6 + 0
-3
What is the value of -2 - -8 - 7 - -10?
9
What is 0 + -36 + 38 + -1?
1
Evaluate 2 - -8 - (-15 + 17 - -36).
-28
-2 + 5 + -6 + 10 + -91 + 84
0
Evaluate -1 - 16 - (6 - 5).
-18
What is 16 + (26 - 23) - 18?
1
Evaluate 4 + (-11 - -4 - -1).
-2
What is 7 + -4 + 7 + -9 - 5 - -9?
5
Evaluate -2 - (0 - 0) - (-6 + -27 + 35).
-4
What is the value of -15 - (4 - (-9 - -27) - 28)?
27
What is the value of (-18 + 16 - 